{"id":922,"date":"2025-04-26T08:00:56","date_gmt":"2025-04-26T06:00:56","guid":{"rendered":"https:\/\/raeuchermagie.ch\/?post_type=product&#038;p=922"},"modified":"2025-08-28T19:11:06","modified_gmt":"2025-08-28T17:11:06","slug":"erzengel-chamael","status":"publish","type":"product","link":"https:\/\/raeuchermagie.ch\/?product=erzengel-chamael","title":{"rendered":"Erzengel Chamael"},"content":{"rendered":"<h3 data-start=\"254\" data-end=\"325\"><em>Chamael \u2013 Herz\u00f6ffnung &amp; Selbstliebe mit dem Duft der Engel\u00a0<\/em><\/h3>\n<p data-start=\"327\" data-end=\"620\"><em>Chamael tr\u00e4gt die liebevolle Energie des Erzengels Chamael und verbindet den zarten Duft von Rose und Lavendel mit der kl\u00e4renden Kraft von Dammar und Burgunderharz. Diese sanfte Komposition beruhigt den Geist, \u00f6ffnet das Herz und bringt dich in tieferen Kontakt mit dir selbst.<\/em><\/p>\n<p data-start=\"622\" data-end=\"780\"><em>Sie schenkt dir Raum f\u00fcr Selbstliebe, Selbstwert und innere Annahme \u2013 und unterst\u00fctzt dich dabei, dich mit Licht, Liebe und deiner wahren Essenz zu verbinden.<\/em><\/p>\n<p data-start=\"782\" data-end=\"808\"><em>Wirkung &amp; Impulse<\/em><\/p>\n<ul data-start=\"809\" data-end=\"1073\">\n<li data-start=\"809\" data-end=\"849\">\n<p data-start=\"811\" data-end=\"849\"><em>Herz\u00f6ffnend, entspannend und kl\u00e4rend<\/em><\/p>\n<\/li>\n<li data-start=\"850\" data-end=\"904\">\n<p data-start=\"852\" data-end=\"904\"><em>F\u00f6rdert Selbstliebe, Selbstwert &amp; Selbstannahme\u00a0<\/em><\/p>\n<\/li>\n<li data-start=\"905\" data-end=\"947\">\n<p data-start=\"907\" data-end=\"947\"><em>Bringt Klarheit in emotionale Prozesse<\/em><\/p>\n<\/li>\n<li data-start=\"948\" data-end=\"1004\">\n<p data-start=\"950\" data-end=\"1004\"><em>Unterst\u00fctzt dich dabei, dein wahres Wesen anzunehmen<\/em><\/p>\n<\/li>\n<li data-start=\"1005\" data-end=\"1073\">\n<p data-start=\"1007\" data-end=\"1073\"><em>\u00d6ffnet den Raum f\u00fcr liebevolle Engelverbindung und Channelings\u00a0<\/em><\/p>\n<\/li>\n<\/ul>\n<p data-start=\"1075\" data-end=\"1097\"><em>\u00a0Geeignet f\u00fcr<\/em><\/p>\n<ul data-start=\"1098\" data-end=\"1276\">\n<li data-start=\"1098\" data-end=\"1128\">\n<p data-start=\"1100\" data-end=\"1128\"><em>Meditation &amp; Herzensarbeit<\/em><\/p>\n<\/li>\n<li data-start=\"1129\" data-end=\"1187\">\n<p data-start=\"1131\" data-end=\"1187\"><em>Channelings &amp; spirituelle Rituale mit Erzengel Chamael<\/em><\/p>\n<\/li>\n<li data-start=\"1188\" data-end=\"1237\">\n<p data-start=\"1190\" data-end=\"1237\"><em>Zur St\u00e4rkung von Selbstliebe und innerer Ruhe<\/em><\/p>\n<\/li>\n<li data-start=\"1238\" data-end=\"1276\">\n<p data-start=\"1240\" data-end=\"1276\"><em>Zeiten der Kl\u00e4rung &amp; sanften Heilung<\/em><\/p>\n<\/li>\n<\/ul>\n<p data-start=\"1278\" data-end=\"1648\"><em>Pers\u00f6nliche Note<\/em><br data-start=\"1301\" data-end=\"1304\" \/><em>Chamael war meine erste Engelmischung \u2013 entstanden nach einem Quantenengelkurs.<\/em><br data-start=\"1387\" data-end=\"1390\" \/><em>Damals ging es f\u00fcr mich um Klarheit, Selbstannahme und den Mut, meine Gaben nicht l\u00e4nger zu verstecken.<\/em><br data-start=\"1493\" data-end=\"1496\" \/><em>Diese Mischung half mir, mich mit meinem Herzen zu verbinden, meinen Weg mit mehr Licht zu gehen \u2013 und mich selbst liebevoll anzunehmen, so wie ich bin.<\/em><\/p>\n<p data-start=\"1650\" data-end=\"1701\"><em>\ud83c\udf3f Inhalt: Rosen, Lavendel, Dammar, Fichtenharz<\/em><\/p>\n<p>&nbsp;<\/p>\n","protected":false},"excerpt":{"rendered":"<p><em>Ein lieblicher Rosen \u2013 Lavendel &#8211; Duft der in Verbindung mit Dammar und Burgunderharz kl\u00e4rt und entspannt. Lavendel, Rosen, Dammar und Burgund machen das Leben rund<\/em><\/p>\n","protected":false},"featured_media":1293,"comment_status":"open","ping_status":"closed","template":"","meta":{"_et_pb_use_builder":"","_et_pb_old_content":"","_et_gb_content_width":"","inline_featured_image":false},"product_brand":[],"product_cat":[22],"product_tag":[57,58],"class_list":{"0":"post-922","1":"product","2":"type-product","3":"status-publish","4":"has-post-thumbnail","6":"product_cat-mischungen","7":"product_tag-herz-oeffnend","8":"product_tag-selbstakzeptanz","10":"first","11":"instock","12":"shipping-taxable","13":"purchasable","14":"product-type-simple"},"_links":{"self":[{"href":"https:\/\/raeuchermagie.ch\/index.php?rest_route=\/wp\/v2\/product\/922","targetHints":{"allow":["GET"]}}],"collection":[{"href":"https:\/\/raeuchermagie.ch\/index.php?rest_route=\/wp\/v2\/product"}],"about":[{"href":"https:\/\/raeuchermagie.ch\/index.php?rest_route=\/wp\/v2\/types\/product"}],"replies":[{"embeddable":true,"href":"https:\/\/raeuchermagie.ch\/index.php?rest_route=%2Fwp%2Fv2%2Fcomments&post=922"}],"wp:featuredmedia":[{"embeddable":true,"href":"https:\/\/raeuchermagie.ch\/index.php?rest_route=\/wp\/v2\/media\/1293"}],"wp:attachment":[{"href":"https:\/\/raeuchermagie.ch\/index.php?rest_route=%2Fwp%2Fv2%2Fmedia&parent=922"}],"wp:term":[{"taxonomy":"product_brand","embeddable":true,"href":"https:\/\/raeuchermagie.ch\/index.php?rest_route=%2Fwp%2Fv2%2Fproduct_brand&post=922"},{"taxonomy":"product_cat","embeddable":true,"href":"https:\/\/raeuchermagie.ch\/index.php?rest_route=%2Fwp%2Fv2%2Fproduct_cat&post=922"},{"taxonomy":"product_tag","embeddable":true,"href":"https:\/\/raeuchermagie.ch\/index.php?rest_route=%2Fwp%2Fv2%2Fproduct_tag&post=922"}],"curies":[{"name":"wp","href":"https:\/\/api.w.org\/{rel}","templated":true}]}}