{"id":987,"date":"2025-04-26T08:02:51","date_gmt":"2025-04-26T06:02:51","guid":{"rendered":"https:\/\/raeuchermagie.ch\/?post_type=product&#038;p=987"},"modified":"2026-01-10T15:36:30","modified_gmt":"2026-01-10T14:36:30","slug":"weihrauch-amber","status":"publish","type":"product","link":"https:\/\/raeuchermagie.ch\/?product=weihrauch-amber","title":{"rendered":"Weihrauch Amber"},"content":{"rendered":"<h3 data-start=\"94\" data-end=\"139\"><em><strong data-start=\"98\" data-end=\"139\">Weihrauch Amber \u2013 Boswellia Sacra\u00a0<\/strong><\/em><\/h3>\n<p data-start=\"141\" data-end=\"421\"><em>Weihrauch Amber, gewonnen aus dem Boswellia Sacra Baum, besticht durch seinen warmen, harzigen und leicht s\u00fc\u00dflichen Duft mit einer tiefen, balsamischen Note. Dieses edle Harz wird seit Jahrhunderten in spirituellen Ritualen, Meditationen und zur energetischen Reinigung verwendet.<\/em><\/p>\n<p data-start=\"423\" data-end=\"632\"><em>Der Duft von Weihrauch Amber wirkt beruhigend, kl\u00e4rend und \u00f6ffnet Herz und Geist f\u00fcr h\u00f6here Bewusstseinsebenen. Er schafft eine heilige, harmonische Atmosph\u00e4re und unterst\u00fctzt die Verbindung zur inneren Mitte.<\/em><\/p>\n<p data-start=\"634\" data-end=\"660\"><em><strong data-start=\"637\" data-end=\"658\">Wirkung &amp; Impulse<\/strong><\/em><\/p>\n<ul data-start=\"661\" data-end=\"869\">\n<li data-start=\"661\" data-end=\"716\">\n<p data-start=\"663\" data-end=\"716\"><em>Beruhigend und reinigend f\u00fcr K\u00f6rper, Geist und Raum<\/em><\/p>\n<\/li>\n<li data-start=\"717\" data-end=\"766\">\n<p data-start=\"719\" data-end=\"766\"><em>Unterst\u00fctzt Meditation und spirituelle Praxis<\/em><\/p>\n<\/li>\n<li data-start=\"767\" data-end=\"823\">\n<p data-start=\"769\" data-end=\"823\"><em>F\u00f6rdert Harmonie, Klarheit und spirituelles Erwachen<\/em><\/p>\n<\/li>\n<li data-start=\"824\" data-end=\"869\">\n<p data-start=\"826\" data-end=\"869\"><em>Schafft eine warme, sch\u00fctzende Atmosph\u00e4re<\/em><\/p>\n<\/li>\n<\/ul>\n<p data-start=\"871\" data-end=\"893\"><em><strong data-start=\"875\" data-end=\"891\">Geeignet f\u00fcr<\/strong><\/em><\/p>\n<ul data-start=\"894\" data-end=\"1026\">\n<li data-start=\"894\" data-end=\"926\">\n<p data-start=\"896\" data-end=\"926\"><em>Meditation und Gebetsrituale<\/em><\/p>\n<\/li>\n<li data-start=\"927\" data-end=\"981\">\n<p data-start=\"929\" data-end=\"981\"><em>Energetische Reinigung von Wohn- und Arbeitsr\u00e4umen<\/em><\/p>\n<\/li>\n<li data-start=\"982\" data-end=\"1026\">\n<p data-start=\"984\" data-end=\"1026\"><em>Schutzrituale und spirituelle Zeremonien<\/em><\/p>\n<\/li>\n<\/ul>\n<p data-start=\"1028\" data-end=\"1251\"><em><strong data-start=\"1031\" data-end=\"1051\">Pers\u00f6nliche Note<\/strong><\/em><br data-start=\"1051\" data-end=\"1054\" \/><em>Ich liebe den warmen, balsamischen Duft von Weihrauch Amber, der mich sanft erdet und zugleich mein Herz \u00f6ffnet. Er begleitet mich bei meinen Meditationen und schafft Raum f\u00fcr tiefe innere Einkehr.<\/em><\/p>\n<p data-start=\"1253\" data-end=\"1359\"><em><strong data-start=\"1256\" data-end=\"1265\">Duft:<\/strong> Warm, harzig, s\u00fc\u00dflich, balsamisch<\/em><br data-start=\"1299\" data-end=\"1302\" \/><em><strong data-start=\"1305\" data-end=\"1317\">Element:<\/strong> Erde &amp; Feuer<\/em><br data-start=\"1330\" data-end=\"1333\" \/><em><strong data-start=\"1335\" data-end=\"1346\">Chakra:<\/strong> Herzchakra<\/em><\/p>\n<div class=\"wpaicg-chat-shortcode-content\"><\/div>\n<div class=\"wpaicg-chat-shortcode-type\"><\/div>\n","protected":false},"excerpt":{"rendered":"<p>Weihrauch Amber \u2013 Boswellia Sacra\u00a0 Weihrauch Amber, gewonnen aus dem Boswellia Sacra Baum, besticht durch seinen warmen, harzigen und leicht s\u00fc\u00dflichen Duft mit einer tiefen, balsamischen Note. Dieses edle Harz wird seit Jahrhunderten in spirituellen Ritualen, Meditationen und zur energetischen Reinigung verwendet. Der Duft von Weihrauch Amber wirkt beruhigend, kl\u00e4rend und \u00f6ffnet Herz und Geist [&hellip;]<\/p>\n","protected":false},"featured_media":993,"comment_status":"open","ping_status":"closed","template":"","meta":{"_et_pb_use_builder":"","_et_pb_old_content":"","_et_gb_content_width":"","inline_featured_image":false},"product_brand":[],"product_cat":[20],"product_tag":[],"class_list":{"0":"post-987","1":"product","2":"type-product","3":"status-publish","4":"has-post-thumbnail","6":"product_cat-weihrauch","8":"first","9":"instock","10":"shipping-taxable","11":"purchasable","12":"product-type-simple"},"_links":{"self":[{"href":"https:\/\/raeuchermagie.ch\/index.php?rest_route=\/wp\/v2\/product\/987","targetHints":{"allow":["GET"]}}],"collection":[{"href":"https:\/\/raeuchermagie.ch\/index.php?rest_route=\/wp\/v2\/product"}],"about":[{"href":"https:\/\/raeuchermagie.ch\/index.php?rest_route=\/wp\/v2\/types\/product"}],"replies":[{"embeddable":true,"href":"https:\/\/raeuchermagie.ch\/index.php?rest_route=%2Fwp%2Fv2%2Fcomments&post=987"}],"wp:featuredmedia":[{"embeddable":true,"href":"https:\/\/raeuchermagie.ch\/index.php?rest_route=\/wp\/v2\/media\/993"}],"wp:attachment":[{"href":"https:\/\/raeuchermagie.ch\/index.php?rest_route=%2Fwp%2Fv2%2Fmedia&parent=987"}],"wp:term":[{"taxonomy":"product_brand","embeddable":true,"href":"https:\/\/raeuchermagie.ch\/index.php?rest_route=%2Fwp%2Fv2%2Fproduct_brand&post=987"},{"taxonomy":"product_cat","embeddable":true,"href":"https:\/\/raeuchermagie.ch\/index.php?rest_route=%2Fwp%2Fv2%2Fproduct_cat&post=987"},{"taxonomy":"product_tag","embeddable":true,"href":"https:\/\/raeuchermagie.ch\/index.php?rest_route=%2Fwp%2Fv2%2Fproduct_tag&post=987"}],"curies":[{"name":"wp","href":"https:\/\/api.w.org\/{rel}","templated":true}]}}